{"id":34,"date":"2020-12-11T15:31:00","date_gmt":"2020-12-11T15:31:00","guid":{"rendered":"http:\/\/domofonas.lt\/index.php\/product\/pirsto-antspaudu-skaitytuvas-fr1200\/"},"modified":"2020-12-11T19:29:03","modified_gmt":"2020-12-11T19:29:03","slug":"pirsto-antspaudu-skaitytuvas-fr1200","status":"publish","type":"product","link":"https:\/\/domofonas.lt\/index.php\/product\/pirsto-antspaudu-skaitytuvas-fr1200\/","title":{"rendered":"Pir\u0161to antspaud\u0173 skaitytuvas FR1200"},"content":{"rendered":"<p><iframe title=\"Pra\u0117jimo kontrol\u0117s pir\u0161to antspaud\u0173 skaitytuvo ZKteco FR1200 ap\u017evalga\" width=\"850\" height=\"478\" src=\"https:\/\/www.youtube.com\/embed\/c57mrycPFKE?feature=oembed\" frameborder=\"0\" allow=\"accelerometer; autoplay; clipboard-write; encrypted-media; gyroscope; picture-in-picture\" allowfullscreen><\/iframe><\/p>\n<p>Procesorius : 324MHZ<br \/>\nSensorius : ZK Small-sized Sensor<br \/>\nDarbine temperat\u016bra 0\u00b0-45\u00b0C<br \/>\nDregnumas: 20%-80%<br \/>\nMaitinimas: 12V, DC<br \/>\nS\u0105saja : RS485<br \/>\nDydis: 50x107x37mm (L x W x D)<br \/>\nSvoris: 0,12kg<\/p>\n","protected":false},"excerpt":{"rendered":"<p>Lauko Pir\u0161to antspaud\u0173 skaitytuvas FR1200 skirtas tik pir\u0161to antspaud\u0173 ir korteli\u0173 nuskaitymui. Duomenys per RS485<\/p>\n","protected":false},"featured_media":33,"template":"","meta":{"_monsterinsights_skip_tracking":false,"_monsterinsights_sitenote_active":false,"_monsterinsights_sitenote_note":"","_monsterinsights_sitenote_category":0},"product_brand":[],"product_cat":[19],"product_tag":[31,29],"class_list":{"0":"post-34","1":"product","2":"type-product","3":"status-publish","4":"has-post-thumbnail","6":"product_cat-pirstu-antspaudu-veido-skaitytuvai","7":"product_tag-praejimo-kontrole","8":"product_tag-zkteco","10":"first","11":"instock","12":"shipping-taxable","13":"purchasable","14":"product-type-simple"},"yoast_head":"<!-- This site is optimized with the Yoast SEO plugin v27.5 - https:\/\/yoast.com\/product\/yoast-seo-wordpress\/ -->\n<title>Pir\u0161to antspaud\u0173 skaitytuvas FR1200 - Telefonspyn\u0117s Pra\u0117jimo kontrol\u0117<\/title>\n<meta name=\"description\" content=\"Lauko Pir\u0161to antspaud\u0173 skaitytuvas FR1200 skirtas tik pir\u0161to antspaud\u0173 ir korteli\u0173 nuskaitymui. Duomenys per RS485\" \/>\n<meta name=\"robots\" content=\"index, follow, max-snippet:-1, max-image-preview:large, max-video-preview:-1\" \/>\n<link rel=\"canonical\" href=\"https:\/\/domofonas.lt\/index.php\/product\/pirsto-antspaudu-skaitytuvas-fr1200\/\" \/>\n<meta property=\"og:locale\" content=\"lt_LT\" \/>\n<meta property=\"og:type\" content=\"article\" \/>\n<meta property=\"og:title\" content=\"Pir\u0161to antspaud\u0173 skaitytuvas FR1200 - Telefonspyn\u0117s Pra\u0117jimo kontrol\u0117\" \/>\n<meta property=\"og:description\" content=\"Lauko Pir\u0161to antspaud\u0173 skaitytuvas FR1200 skirtas tik pir\u0161to antspaud\u0173 ir korteli\u0173 nuskaitymui. Duomenys per RS485\" \/>\n<meta property=\"og:url\" content=\"https:\/\/domofonas.lt\/index.php\/product\/pirsto-antspaudu-skaitytuvas-fr1200\/\" \/>\n<meta property=\"og:site_name\" content=\"Telefonspyn\u0117s Pra\u0117jimo kontrol\u0117\" \/>\n<meta property=\"article:modified_time\" content=\"2020-12-11T19:29:03+00:00\" \/>\n<meta property=\"og:image\" content=\"https:\/\/domofonas.lt\/wp-content\/uploads\/2020\/12\/fr1200.jpg\" \/>\n\t<meta property=\"og:image:width\" content=\"1000\" \/>\n\t<meta property=\"og:image:height\" content=\"1000\" \/>\n\t<meta property=\"og:image:type\" content=\"image\/jpeg\" \/>\n<meta name=\"twitter:card\" content=\"summary_large_image\" \/>\n<script type=\"application\/ld+json\" class=\"yoast-schema-graph\">{\"@context\":\"https:\\\/\\\/schema.org\",\"@graph\":[{\"@type\":\"WebPage\",\"@id\":\"https:\\\/\\\/domofonas.lt\\\/index.php\\\/product\\\/pirsto-antspaudu-skaitytuvas-fr1200\\\/\",\"url\":\"https:\\\/\\\/domofonas.lt\\\/index.php\\\/product\\\/pirsto-antspaudu-skaitytuvas-fr1200\\\/\",\"name\":\"Pir\u0161to antspaud\u0173 skaitytuvas FR1200 - Telefonspyn\u0117s Pra\u0117jimo kontrol\u0117\",\"isPartOf\":{\"@id\":\"https:\\\/\\\/domofonas.lt\\\/#website\"},\"primaryImageOfPage\":{\"@id\":\"https:\\\/\\\/domofonas.lt\\\/index.php\\\/product\\\/pirsto-antspaudu-skaitytuvas-fr1200\\\/#primaryimage\"},\"image\":{\"@id\":\"https:\\\/\\\/domofonas.lt\\\/index.php\\\/product\\\/pirsto-antspaudu-skaitytuvas-fr1200\\\/#primaryimage\"},\"thumbnailUrl\":\"https:\\\/\\\/domofonas.lt\\\/wp-content\\\/uploads\\\/2020\\\/12\\\/fr1200.jpg\",\"datePublished\":\"2020-12-11T15:31:00+00:00\",\"dateModified\":\"2020-12-11T19:29:03+00:00\",\"description\":\"Lauko Pir\u0161to antspaud\u0173 skaitytuvas FR1200 skirtas tik pir\u0161to antspaud\u0173 ir korteli\u0173 nuskaitymui. Duomenys per RS485\",\"breadcrumb\":{\"@id\":\"https:\\\/\\\/domofonas.lt\\\/index.php\\\/product\\\/pirsto-antspaudu-skaitytuvas-fr1200\\\/#breadcrumb\"},\"inLanguage\":\"lt-LT\",\"potentialAction\":[{\"@type\":\"ReadAction\",\"target\":[\"https:\\\/\\\/domofonas.lt\\\/index.php\\\/product\\\/pirsto-antspaudu-skaitytuvas-fr1200\\\/\"]}]},{\"@type\":\"ImageObject\",\"inLanguage\":\"lt-LT\",\"@id\":\"https:\\\/\\\/domofonas.lt\\\/index.php\\\/product\\\/pirsto-antspaudu-skaitytuvas-fr1200\\\/#primaryimage\",\"url\":\"https:\\\/\\\/domofonas.lt\\\/wp-content\\\/uploads\\\/2020\\\/12\\\/fr1200.jpg\",\"contentUrl\":\"https:\\\/\\\/domofonas.lt\\\/wp-content\\\/uploads\\\/2020\\\/12\\\/fr1200.jpg\",\"width\":1000,\"height\":1000,\"caption\":\"Pir\u0161to antspaud\u0173 skaitytuvas FR1200\"},{\"@type\":\"BreadcrumbList\",\"@id\":\"https:\\\/\\\/domofonas.lt\\\/index.php\\\/product\\\/pirsto-antspaudu-skaitytuvas-fr1200\\\/#breadcrumb\",\"itemListElement\":[{\"@type\":\"ListItem\",\"position\":1,\"name\":\"Home\",\"item\":\"https:\\\/\\\/domofonas.lt\\\/\"},{\"@type\":\"ListItem\",\"position\":2,\"name\":\"Pir\u0161to antspaud\u0173 skaitytuvas FR1200\"}]},{\"@type\":\"WebSite\",\"@id\":\"https:\\\/\\\/domofonas.lt\\\/#website\",\"url\":\"https:\\\/\\\/domofonas.lt\\\/\",\"name\":\"Telefonspyn\u0117s Pra\u0117jimo kontrol\u0117\",\"description\":\"\u012erengimas Montavimas\",\"publisher\":{\"@id\":\"https:\\\/\\\/domofonas.lt\\\/#organization\"},\"potentialAction\":[{\"@type\":\"SearchAction\",\"target\":{\"@type\":\"EntryPoint\",\"urlTemplate\":\"https:\\\/\\\/domofonas.lt\\\/?s={search_term_string}\"},\"query-input\":{\"@type\":\"PropertyValueSpecification\",\"valueRequired\":true,\"valueName\":\"search_term_string\"}}],\"inLanguage\":\"lt-LT\"},{\"@type\":\"Organization\",\"@id\":\"https:\\\/\\\/domofonas.lt\\\/#organization\",\"name\":\"Telefonspyn\u0117s Pra\u0117jimo kontrol\u0117\",\"url\":\"https:\\\/\\\/domofonas.lt\\\/\",\"logo\":{\"@type\":\"ImageObject\",\"inLanguage\":\"lt-LT\",\"@id\":\"https:\\\/\\\/domofonas.lt\\\/#\\\/schema\\\/logo\\\/image\\\/\",\"url\":\"https:\\\/\\\/domofonas.lt\\\/wp-content\\\/uploads\\\/2020\\\/12\\\/cropped-cropped-paradox_ssg-Max-Quality__1_-removebg-preview.png\",\"contentUrl\":\"https:\\\/\\\/domofonas.lt\\\/wp-content\\\/uploads\\\/2020\\\/12\\\/cropped-cropped-paradox_ssg-Max-Quality__1_-removebg-preview.png\",\"width\":250,\"height\":70,\"caption\":\"Telefonspyn\u0117s  Pra\u0117jimo kontrol\u0117\"},\"image\":{\"@id\":\"https:\\\/\\\/domofonas.lt\\\/#\\\/schema\\\/logo\\\/image\\\/\"}}]}<\/script>\n<!-- \/ Yoast SEO plugin. -->","yoast_head_json":{"title":"Pir\u0161to antspaud\u0173 skaitytuvas FR1200 - Telefonspyn\u0117s Pra\u0117jimo kontrol\u0117","description":"Lauko Pir\u0161to antspaud\u0173 skaitytuvas FR1200 skirtas tik pir\u0161to antspaud\u0173 ir korteli\u0173 nuskaitymui. Duomenys per RS485","robots":{"index":"index","follow":"follow","max-snippet":"max-snippet:-1","max-image-preview":"max-image-preview:large","max-video-preview":"max-video-preview:-1"},"canonical":"https:\/\/domofonas.lt\/index.php\/product\/pirsto-antspaudu-skaitytuvas-fr1200\/","og_locale":"lt_LT","og_type":"article","og_title":"Pir\u0161to antspaud\u0173 skaitytuvas FR1200 - Telefonspyn\u0117s Pra\u0117jimo kontrol\u0117","og_description":"Lauko Pir\u0161to antspaud\u0173 skaitytuvas FR1200 skirtas tik pir\u0161to antspaud\u0173 ir korteli\u0173 nuskaitymui. Duomenys per RS485","og_url":"https:\/\/domofonas.lt\/index.php\/product\/pirsto-antspaudu-skaitytuvas-fr1200\/","og_site_name":"Telefonspyn\u0117s Pra\u0117jimo kontrol\u0117","article_modified_time":"2020-12-11T19:29:03+00:00","og_image":[{"width":1000,"height":1000,"url":"https:\/\/domofonas.lt\/wp-content\/uploads\/2020\/12\/fr1200.jpg","type":"image\/jpeg"}],"twitter_card":"summary_large_image","schema":{"@context":"https:\/\/schema.org","@graph":[{"@type":"WebPage","@id":"https:\/\/domofonas.lt\/index.php\/product\/pirsto-antspaudu-skaitytuvas-fr1200\/","url":"https:\/\/domofonas.lt\/index.php\/product\/pirsto-antspaudu-skaitytuvas-fr1200\/","name":"Pir\u0161to antspaud\u0173 skaitytuvas FR1200 - Telefonspyn\u0117s Pra\u0117jimo kontrol\u0117","isPartOf":{"@id":"https:\/\/domofonas.lt\/#website"},"primaryImageOfPage":{"@id":"https:\/\/domofonas.lt\/index.php\/product\/pirsto-antspaudu-skaitytuvas-fr1200\/#primaryimage"},"image":{"@id":"https:\/\/domofonas.lt\/index.php\/product\/pirsto-antspaudu-skaitytuvas-fr1200\/#primaryimage"},"thumbnailUrl":"https:\/\/domofonas.lt\/wp-content\/uploads\/2020\/12\/fr1200.jpg","datePublished":"2020-12-11T15:31:00+00:00","dateModified":"2020-12-11T19:29:03+00:00","description":"Lauko Pir\u0161to antspaud\u0173 skaitytuvas FR1200 skirtas tik pir\u0161to antspaud\u0173 ir korteli\u0173 nuskaitymui. Duomenys per RS485","breadcrumb":{"@id":"https:\/\/domofonas.lt\/index.php\/product\/pirsto-antspaudu-skaitytuvas-fr1200\/#breadcrumb"},"inLanguage":"lt-LT","potentialAction":[{"@type":"ReadAction","target":["https:\/\/domofonas.lt\/index.php\/product\/pirsto-antspaudu-skaitytuvas-fr1200\/"]}]},{"@type":"ImageObject","inLanguage":"lt-LT","@id":"https:\/\/domofonas.lt\/index.php\/product\/pirsto-antspaudu-skaitytuvas-fr1200\/#primaryimage","url":"https:\/\/domofonas.lt\/wp-content\/uploads\/2020\/12\/fr1200.jpg","contentUrl":"https:\/\/domofonas.lt\/wp-content\/uploads\/2020\/12\/fr1200.jpg","width":1000,"height":1000,"caption":"Pir\u0161to antspaud\u0173 skaitytuvas FR1200"},{"@type":"BreadcrumbList","@id":"https:\/\/domofonas.lt\/index.php\/product\/pirsto-antspaudu-skaitytuvas-fr1200\/#breadcrumb","itemListElement":[{"@type":"ListItem","position":1,"name":"Home","item":"https:\/\/domofonas.lt\/"},{"@type":"ListItem","position":2,"name":"Pir\u0161to antspaud\u0173 skaitytuvas FR1200"}]},{"@type":"WebSite","@id":"https:\/\/domofonas.lt\/#website","url":"https:\/\/domofonas.lt\/","name":"Telefonspyn\u0117s Pra\u0117jimo kontrol\u0117","description":"\u012erengimas Montavimas","publisher":{"@id":"https:\/\/domofonas.lt\/#organization"},"potentialAction":[{"@type":"SearchAction","target":{"@type":"EntryPoint","urlTemplate":"https:\/\/domofonas.lt\/?s={search_term_string}"},"query-input":{"@type":"PropertyValueSpecification","valueRequired":true,"valueName":"search_term_string"}}],"inLanguage":"lt-LT"},{"@type":"Organization","@id":"https:\/\/domofonas.lt\/#organization","name":"Telefonspyn\u0117s Pra\u0117jimo kontrol\u0117","url":"https:\/\/domofonas.lt\/","logo":{"@type":"ImageObject","inLanguage":"lt-LT","@id":"https:\/\/domofonas.lt\/#\/schema\/logo\/image\/","url":"https:\/\/domofonas.lt\/wp-content\/uploads\/2020\/12\/cropped-cropped-paradox_ssg-Max-Quality__1_-removebg-preview.png","contentUrl":"https:\/\/domofonas.lt\/wp-content\/uploads\/2020\/12\/cropped-cropped-paradox_ssg-Max-Quality__1_-removebg-preview.png","width":250,"height":70,"caption":"Telefonspyn\u0117s  Pra\u0117jimo kontrol\u0117"},"image":{"@id":"https:\/\/domofonas.lt\/#\/schema\/logo\/image\/"}}]}},"jetpack_sharing_enabled":true,"_links":{"self":[{"href":"https:\/\/domofonas.lt\/index.php\/wp-json\/wp\/v2\/product\/34","targetHints":{"allow":["GET"]}}],"collection":[{"href":"https:\/\/domofonas.lt\/index.php\/wp-json\/wp\/v2\/product"}],"about":[{"href":"https:\/\/domofonas.lt\/index.php\/wp-json\/wp\/v2\/types\/product"}],"wp:featuredmedia":[{"embeddable":true,"href":"https:\/\/domofonas.lt\/index.php\/wp-json\/wp\/v2\/media\/33"}],"wp:attachment":[{"href":"https:\/\/domofonas.lt\/index.php\/wp-json\/wp\/v2\/media?parent=34"}],"wp:term":[{"taxonomy":"product_brand","embeddable":true,"href":"https:\/\/domofonas.lt\/index.php\/wp-json\/wp\/v2\/product_brand?post=34"},{"taxonomy":"product_cat","embeddable":true,"href":"https:\/\/domofonas.lt\/index.php\/wp-json\/wp\/v2\/product_cat?post=34"},{"taxonomy":"product_tag","embeddable":true,"href":"https:\/\/domofonas.lt\/index.php\/wp-json\/wp\/v2\/product_tag?post=34"}],"curies":[{"name":"wp","href":"https:\/\/api.w.org\/{rel}","templated":true}]}}