{"id":230,"date":"2020-12-11T15:31:32","date_gmt":"2020-12-11T15:31:32","guid":{"rendered":"http:\/\/domofonas.lt\/index.php\/product\/gv-cr420-skaitytuvas-su-4mp-kamera\/"},"modified":"2020-12-11T17:01:37","modified_gmt":"2020-12-11T17:01:37","slug":"gv-cr420-skaitytuvas-su-4mp-kamera","status":"publish","type":"product","link":"https:\/\/domofonas.lt\/index.php\/product\/gv-cr420-skaitytuvas-su-4mp-kamera\/","title":{"rendered":"GV CR420, Skaitytuvas su 4MP kamera"},"content":{"rendered":"<table class=\"spec\">\n<tbody>\n<tr>\n<td>Vaizdo matrica<\/td>\n<td>1\/2.5&#8243; progressive scan CMOS<\/td>\n<\/tr>\n<tr>\n<td>Aktyvi\u0173 element\u0173 skai\u010dius<\/td>\n<td>2048 x 1944<\/td>\n<\/tr>\n<tr>\n<td>Min. ap\u0161vietimas<\/td>\n<td>4 Lux(1\/30 sek.), 2 Lux(1\/5 sek.)<\/td>\n<\/tr>\n<tr>\n<td>Min. ap\u0161vietimas veido atpa\u017einimui<\/td>\n<td>41-50 Lux<\/td>\n<\/tr>\n<tr>\n<td>Baltos \u0161viesos balansas(WB)<\/td>\n<td>automatinis<\/td>\n<\/tr>\n<tr>\n<td>Objektyvas<\/td>\n<td>megapikselinis<\/td>\n<\/tr>\n<tr>\n<td>Diena\/Naktis funkcija<\/td>\n<td>Taip(elektronin\u0117)<\/td>\n<\/tr>\n<tr>\n<td>Objektyvo tipas<\/td>\n<td>fiksuotas<\/td>\n<\/tr>\n<tr>\n<td>Fokusavimo ilgis<\/td>\n<td>1,05 mm<\/td>\n<\/tr>\n<tr>\n<td>Apert\u016bra<\/td>\n<td>F\/2.8<\/td>\n<\/tr>\n<tr>\n<td>Vaizdo formatas<\/td>\n<td>1\/2&#8243;<\/td>\n<\/tr>\n<tr>\n<td>Vaizdo kompresija<\/td>\n<td>H.264, MJPEG<\/td>\n<\/tr>\n<tr>\n<td>Rai\u0161ka<\/td>\n<td>2048 x 1944<\/td>\n<\/tr>\n<tr>\n<td>Atvaizdavimo greitis<\/td>\n<td>15 k\/s(2048 x 1944)<\/td>\n<\/tr>\n<tr>\n<td>Garso kompresija<\/td>\n<td>G.711<\/td>\n<\/tr>\n<tr>\n<td>Protokolai<\/td>\n<td>HTTP, HTTPS, TCP, UDP, SMTP, FTP, DHCP, NTP, UPnP, DynDNS, RTSP, PSIA, SNMP, QoS (DSCP), ONVIF<\/td>\n<\/tr>\n<tr>\n<td>Skaitytuvas<\/td>\n<\/tr>\n<tr>\n<td>CPU<\/td>\n<td>8-bit RISC microprocessor<\/td>\n<\/tr>\n<tr>\n<td>Da\u017enis<\/td>\n<td>13.56 MHz for ISO14443A (Mifare DESFire, Mifare Plus and Mifare Class)<\/td>\n<\/tr>\n<tr>\n<td>Wiegand s\u0105saja<\/td>\n<td>Wiegand 26 bit, distance 30 m (98.43 ft)<\/td>\n<\/tr>\n<tr>\n<td>S\u0105saja<\/td>\n<td>Wiegand, RS 485(9600)<\/td>\n<\/tr>\n<tr>\n<td>Darbin\u0117 temperat\u016bra<\/td>\n<td>0\u00b0C ~ 40\u00b0C<\/td>\n<\/tr>\n<tr>\n<td>Maitinimas<\/td>\n<td>DC 12V<\/td>\n<\/tr>\n<tr>\n<td>Galingumas<\/td>\n<td>15W<\/td>\n<\/tr>\n<tr>\n<td>Matmenys<\/td>\n<td>135 x 43 x 66<\/td>\n<\/tr>\n<\/tbody>\n<\/table>\n","protected":false},"excerpt":{"rendered":"<p>Vaizdo matrica 1\/2.5&#8243; progressive scan CMOS Aktyvi\u0173 element\u0173 skai\u010dius 2048 x 1944 Min. ap\u0161vietimas 4 Lux(1\/30 sek.), 2 Lux(1\/5 sek.) Min. ap\u0161vietimas veido atpa\u017einimui 41-50 Lux Baltos \u0161viesos balansas(WB) automatinis Objektyvas megapikselinis Diena\/Naktis funkcija Taip(elektronin\u0117) Objektyvo tipas fiksuotas Fokusavimo ilgis<\/p>\n","protected":false},"featured_media":229,"template":"","meta":{"_monsterinsights_skip_tracking":false,"_monsterinsights_sitenote_active":false,"_monsterinsights_sitenote_note":"","_monsterinsights_sitenote_category":0},"product_brand":[],"product_cat":[24],"product_tag":[35],"class_list":{"0":"post-230","1":"product","2":"type-product","3":"status-publish","4":"has-post-thumbnail","6":"product_cat-korteliu-skaitytuvai","7":"product_tag-geovision","9":"first","10":"instock","11":"shipping-taxable","12":"purchasable","13":"product-type-simple"},"yoast_head":"<!-- This site is optimized with the Yoast SEO plugin v27.4 - https:\/\/yoast.com\/product\/yoast-seo-wordpress\/ -->\n<title>GV CR420, Skaitytuvas su 4MP kamera - Telefonspyn\u0117s Pra\u0117jimo kontrol\u0117<\/title>\n<meta name=\"robots\" content=\"index, follow, max-snippet:-1, max-image-preview:large, max-video-preview:-1\" \/>\n<link rel=\"canonical\" href=\"https:\/\/domofonas.lt\/index.php\/product\/gv-cr420-skaitytuvas-su-4mp-kamera\/\" \/>\n<meta property=\"og:locale\" content=\"lt_LT\" \/>\n<meta property=\"og:type\" content=\"article\" \/>\n<meta property=\"og:title\" content=\"GV CR420, Skaitytuvas su 4MP kamera - Telefonspyn\u0117s Pra\u0117jimo kontrol\u0117\" \/>\n<meta property=\"og:description\" content=\"Vaizdo matrica 1\/2.5&#8243; progressive scan CMOS Aktyvi\u0173 element\u0173 skai\u010dius 2048 x 1944 Min. ap\u0161vietimas 4 Lux(1\/30 sek.), 2 Lux(1\/5 sek.) Min. ap\u0161vietimas veido atpa\u017einimui 41-50 Lux Baltos \u0161viesos balansas(WB) automatinis Objektyvas megapikselinis Diena\/Naktis funkcija Taip(elektronin\u0117) Objektyvo tipas fiksuotas Fokusavimo ilgis\" \/>\n<meta property=\"og:url\" content=\"https:\/\/domofonas.lt\/index.php\/product\/gv-cr420-skaitytuvas-su-4mp-kamera\/\" \/>\n<meta property=\"og:site_name\" content=\"Telefonspyn\u0117s Pra\u0117jimo kontrol\u0117\" \/>\n<meta property=\"article:modified_time\" content=\"2020-12-11T17:01:37+00:00\" \/>\n<meta property=\"og:image\" content=\"https:\/\/domofonas.lt\/wp-content\/uploads\/2020\/12\/GV-CR420-Skaitytuvas-su-4MP-kamera.jpg\" \/>\n\t<meta property=\"og:image:width\" content=\"500\" \/>\n\t<meta property=\"og:image:height\" content=\"500\" \/>\n\t<meta property=\"og:image:type\" content=\"image\/jpeg\" \/>\n<meta name=\"twitter:card\" content=\"summary_large_image\" \/>\n<meta name=\"twitter:label1\" content=\"Est. reading time\" \/>\n\t<meta name=\"twitter:data1\" content=\"1 minut\u0117\" \/>\n<script type=\"application\/ld+json\" class=\"yoast-schema-graph\">{\"@context\":\"https:\\\/\\\/schema.org\",\"@graph\":[{\"@type\":\"WebPage\",\"@id\":\"https:\\\/\\\/domofonas.lt\\\/index.php\\\/product\\\/gv-cr420-skaitytuvas-su-4mp-kamera\\\/\",\"url\":\"https:\\\/\\\/domofonas.lt\\\/index.php\\\/product\\\/gv-cr420-skaitytuvas-su-4mp-kamera\\\/\",\"name\":\"GV CR420, Skaitytuvas su 4MP kamera - Telefonspyn\u0117s Pra\u0117jimo kontrol\u0117\",\"isPartOf\":{\"@id\":\"https:\\\/\\\/domofonas.lt\\\/#website\"},\"primaryImageOfPage\":{\"@id\":\"https:\\\/\\\/domofonas.lt\\\/index.php\\\/product\\\/gv-cr420-skaitytuvas-su-4mp-kamera\\\/#primaryimage\"},\"image\":{\"@id\":\"https:\\\/\\\/domofonas.lt\\\/index.php\\\/product\\\/gv-cr420-skaitytuvas-su-4mp-kamera\\\/#primaryimage\"},\"thumbnailUrl\":\"https:\\\/\\\/domofonas.lt\\\/wp-content\\\/uploads\\\/2020\\\/12\\\/GV-CR420-Skaitytuvas-su-4MP-kamera.jpg\",\"datePublished\":\"2020-12-11T15:31:32+00:00\",\"dateModified\":\"2020-12-11T17:01:37+00:00\",\"breadcrumb\":{\"@id\":\"https:\\\/\\\/domofonas.lt\\\/index.php\\\/product\\\/gv-cr420-skaitytuvas-su-4mp-kamera\\\/#breadcrumb\"},\"inLanguage\":\"lt-LT\",\"potentialAction\":[{\"@type\":\"ReadAction\",\"target\":[\"https:\\\/\\\/domofonas.lt\\\/index.php\\\/product\\\/gv-cr420-skaitytuvas-su-4mp-kamera\\\/\"]}]},{\"@type\":\"ImageObject\",\"inLanguage\":\"lt-LT\",\"@id\":\"https:\\\/\\\/domofonas.lt\\\/index.php\\\/product\\\/gv-cr420-skaitytuvas-su-4mp-kamera\\\/#primaryimage\",\"url\":\"https:\\\/\\\/domofonas.lt\\\/wp-content\\\/uploads\\\/2020\\\/12\\\/GV-CR420-Skaitytuvas-su-4MP-kamera.jpg\",\"contentUrl\":\"https:\\\/\\\/domofonas.lt\\\/wp-content\\\/uploads\\\/2020\\\/12\\\/GV-CR420-Skaitytuvas-su-4MP-kamera.jpg\",\"width\":500,\"height\":500,\"caption\":\"GV CR420, Skaitytuvas su 4MP kamera\"},{\"@type\":\"BreadcrumbList\",\"@id\":\"https:\\\/\\\/domofonas.lt\\\/index.php\\\/product\\\/gv-cr420-skaitytuvas-su-4mp-kamera\\\/#breadcrumb\",\"itemListElement\":[{\"@type\":\"ListItem\",\"position\":1,\"name\":\"Home\",\"item\":\"https:\\\/\\\/domofonas.lt\\\/\"},{\"@type\":\"ListItem\",\"position\":2,\"name\":\"GV CR420, Skaitytuvas su 4MP kamera\"}]},{\"@type\":\"WebSite\",\"@id\":\"https:\\\/\\\/domofonas.lt\\\/#website\",\"url\":\"https:\\\/\\\/domofonas.lt\\\/\",\"name\":\"Telefonspyn\u0117s Pra\u0117jimo kontrol\u0117\",\"description\":\"\u012erengimas Montavimas\",\"publisher\":{\"@id\":\"https:\\\/\\\/domofonas.lt\\\/#organization\"},\"potentialAction\":[{\"@type\":\"SearchAction\",\"target\":{\"@type\":\"EntryPoint\",\"urlTemplate\":\"https:\\\/\\\/domofonas.lt\\\/?s={search_term_string}\"},\"query-input\":{\"@type\":\"PropertyValueSpecification\",\"valueRequired\":true,\"valueName\":\"search_term_string\"}}],\"inLanguage\":\"lt-LT\"},{\"@type\":\"Organization\",\"@id\":\"https:\\\/\\\/domofonas.lt\\\/#organization\",\"name\":\"Telefonspyn\u0117s Pra\u0117jimo kontrol\u0117\",\"url\":\"https:\\\/\\\/domofonas.lt\\\/\",\"logo\":{\"@type\":\"ImageObject\",\"inLanguage\":\"lt-LT\",\"@id\":\"https:\\\/\\\/domofonas.lt\\\/#\\\/schema\\\/logo\\\/image\\\/\",\"url\":\"https:\\\/\\\/domofonas.lt\\\/wp-content\\\/uploads\\\/2020\\\/12\\\/cropped-cropped-paradox_ssg-Max-Quality__1_-removebg-preview.png\",\"contentUrl\":\"https:\\\/\\\/domofonas.lt\\\/wp-content\\\/uploads\\\/2020\\\/12\\\/cropped-cropped-paradox_ssg-Max-Quality__1_-removebg-preview.png\",\"width\":250,\"height\":70,\"caption\":\"Telefonspyn\u0117s  Pra\u0117jimo kontrol\u0117\"},\"image\":{\"@id\":\"https:\\\/\\\/domofonas.lt\\\/#\\\/schema\\\/logo\\\/image\\\/\"}}]}<\/script>\n<!-- \/ Yoast SEO plugin. -->","yoast_head_json":{"title":"GV CR420, Skaitytuvas su 4MP kamera - Telefonspyn\u0117s Pra\u0117jimo kontrol\u0117","robots":{"index":"index","follow":"follow","max-snippet":"max-snippet:-1","max-image-preview":"max-image-preview:large","max-video-preview":"max-video-preview:-1"},"canonical":"https:\/\/domofonas.lt\/index.php\/product\/gv-cr420-skaitytuvas-su-4mp-kamera\/","og_locale":"lt_LT","og_type":"article","og_title":"GV CR420, Skaitytuvas su 4MP kamera - Telefonspyn\u0117s Pra\u0117jimo kontrol\u0117","og_description":"Vaizdo matrica 1\/2.5&#8243; progressive scan CMOS Aktyvi\u0173 element\u0173 skai\u010dius 2048 x 1944 Min. ap\u0161vietimas 4 Lux(1\/30 sek.), 2 Lux(1\/5 sek.) Min. ap\u0161vietimas veido atpa\u017einimui 41-50 Lux Baltos \u0161viesos balansas(WB) automatinis Objektyvas megapikselinis Diena\/Naktis funkcija Taip(elektronin\u0117) Objektyvo tipas fiksuotas Fokusavimo ilgis","og_url":"https:\/\/domofonas.lt\/index.php\/product\/gv-cr420-skaitytuvas-su-4mp-kamera\/","og_site_name":"Telefonspyn\u0117s Pra\u0117jimo kontrol\u0117","article_modified_time":"2020-12-11T17:01:37+00:00","og_image":[{"width":500,"height":500,"url":"https:\/\/domofonas.lt\/wp-content\/uploads\/2020\/12\/GV-CR420-Skaitytuvas-su-4MP-kamera.jpg","type":"image\/jpeg"}],"twitter_card":"summary_large_image","twitter_misc":{"Est. reading time":"1 minut\u0117"},"schema":{"@context":"https:\/\/schema.org","@graph":[{"@type":"WebPage","@id":"https:\/\/domofonas.lt\/index.php\/product\/gv-cr420-skaitytuvas-su-4mp-kamera\/","url":"https:\/\/domofonas.lt\/index.php\/product\/gv-cr420-skaitytuvas-su-4mp-kamera\/","name":"GV CR420, Skaitytuvas su 4MP kamera - Telefonspyn\u0117s Pra\u0117jimo kontrol\u0117","isPartOf":{"@id":"https:\/\/domofonas.lt\/#website"},"primaryImageOfPage":{"@id":"https:\/\/domofonas.lt\/index.php\/product\/gv-cr420-skaitytuvas-su-4mp-kamera\/#primaryimage"},"image":{"@id":"https:\/\/domofonas.lt\/index.php\/product\/gv-cr420-skaitytuvas-su-4mp-kamera\/#primaryimage"},"thumbnailUrl":"https:\/\/domofonas.lt\/wp-content\/uploads\/2020\/12\/GV-CR420-Skaitytuvas-su-4MP-kamera.jpg","datePublished":"2020-12-11T15:31:32+00:00","dateModified":"2020-12-11T17:01:37+00:00","breadcrumb":{"@id":"https:\/\/domofonas.lt\/index.php\/product\/gv-cr420-skaitytuvas-su-4mp-kamera\/#breadcrumb"},"inLanguage":"lt-LT","potentialAction":[{"@type":"ReadAction","target":["https:\/\/domofonas.lt\/index.php\/product\/gv-cr420-skaitytuvas-su-4mp-kamera\/"]}]},{"@type":"ImageObject","inLanguage":"lt-LT","@id":"https:\/\/domofonas.lt\/index.php\/product\/gv-cr420-skaitytuvas-su-4mp-kamera\/#primaryimage","url":"https:\/\/domofonas.lt\/wp-content\/uploads\/2020\/12\/GV-CR420-Skaitytuvas-su-4MP-kamera.jpg","contentUrl":"https:\/\/domofonas.lt\/wp-content\/uploads\/2020\/12\/GV-CR420-Skaitytuvas-su-4MP-kamera.jpg","width":500,"height":500,"caption":"GV CR420, Skaitytuvas su 4MP kamera"},{"@type":"BreadcrumbList","@id":"https:\/\/domofonas.lt\/index.php\/product\/gv-cr420-skaitytuvas-su-4mp-kamera\/#breadcrumb","itemListElement":[{"@type":"ListItem","position":1,"name":"Home","item":"https:\/\/domofonas.lt\/"},{"@type":"ListItem","position":2,"name":"GV CR420, Skaitytuvas su 4MP kamera"}]},{"@type":"WebSite","@id":"https:\/\/domofonas.lt\/#website","url":"https:\/\/domofonas.lt\/","name":"Telefonspyn\u0117s Pra\u0117jimo kontrol\u0117","description":"\u012erengimas Montavimas","publisher":{"@id":"https:\/\/domofonas.lt\/#organization"},"potentialAction":[{"@type":"SearchAction","target":{"@type":"EntryPoint","urlTemplate":"https:\/\/domofonas.lt\/?s={search_term_string}"},"query-input":{"@type":"PropertyValueSpecification","valueRequired":true,"valueName":"search_term_string"}}],"inLanguage":"lt-LT"},{"@type":"Organization","@id":"https:\/\/domofonas.lt\/#organization","name":"Telefonspyn\u0117s Pra\u0117jimo kontrol\u0117","url":"https:\/\/domofonas.lt\/","logo":{"@type":"ImageObject","inLanguage":"lt-LT","@id":"https:\/\/domofonas.lt\/#\/schema\/logo\/image\/","url":"https:\/\/domofonas.lt\/wp-content\/uploads\/2020\/12\/cropped-cropped-paradox_ssg-Max-Quality__1_-removebg-preview.png","contentUrl":"https:\/\/domofonas.lt\/wp-content\/uploads\/2020\/12\/cropped-cropped-paradox_ssg-Max-Quality__1_-removebg-preview.png","width":250,"height":70,"caption":"Telefonspyn\u0117s  Pra\u0117jimo kontrol\u0117"},"image":{"@id":"https:\/\/domofonas.lt\/#\/schema\/logo\/image\/"}}]}},"jetpack_sharing_enabled":true,"_links":{"self":[{"href":"https:\/\/domofonas.lt\/index.php\/wp-json\/wp\/v2\/product\/230","targetHints":{"allow":["GET"]}}],"collection":[{"href":"https:\/\/domofonas.lt\/index.php\/wp-json\/wp\/v2\/product"}],"about":[{"href":"https:\/\/domofonas.lt\/index.php\/wp-json\/wp\/v2\/types\/product"}],"wp:featuredmedia":[{"embeddable":true,"href":"https:\/\/domofonas.lt\/index.php\/wp-json\/wp\/v2\/media\/229"}],"wp:attachment":[{"href":"https:\/\/domofonas.lt\/index.php\/wp-json\/wp\/v2\/media?parent=230"}],"wp:term":[{"taxonomy":"product_brand","embeddable":true,"href":"https:\/\/domofonas.lt\/index.php\/wp-json\/wp\/v2\/product_brand?post=230"},{"taxonomy":"product_cat","embeddable":true,"href":"https:\/\/domofonas.lt\/index.php\/wp-json\/wp\/v2\/product_cat?post=230"},{"taxonomy":"product_tag","embeddable":true,"href":"https:\/\/domofonas.lt\/index.php\/wp-json\/wp\/v2\/product_tag?post=230"}],"curies":[{"name":"wp","href":"https:\/\/api.w.org\/{rel}","templated":true}]}}