{"id":131,"date":"2020-12-11T15:31:16","date_gmt":"2020-12-11T15:31:16","guid":{"rendered":"http:\/\/domofonas.lt\/index.php\/product\/hikvision-ds-k1107ek\/"},"modified":"2020-12-11T15:31:16","modified_gmt":"2020-12-11T15:31:16","slug":"hikvision-ds-k1107ek","status":"publish","type":"product","link":"https:\/\/domofonas.lt\/index.php\/product\/hikvision-ds-k1107ek\/","title":{"rendered":"Hikvision DS-K1107EK"},"content":{"rendered":"<table border=\"0\">\n<tbody>\n<tr>\n<td>Processor:<\/td>\n<td>|<\/td>\n<td>32-bit<\/td>\n<\/tr>\n<tr>\n<td>Card Reading Distance:<\/td>\n<td>|<\/td>\n<td>\u22655\u00a0cm<\/td>\n<\/tr>\n<tr>\n<td>ID Settings:<\/td>\n<td>|<\/td>\n<td>Setting\u00a0by\u00a0the\u00a0DIP\u00a0Switch\u00a0on\u00a0the\u00a0Main\u00a0Board<\/td>\n<\/tr>\n<tr>\n<th colspan=\"3\" scope=\"col\" height=\"50\">General<\/th>\n<\/tr>\n<tr>\n<td>Key Board:<\/td>\n<td>|<\/td>\n<td>No\u00a0Keypad\u00a0(DS-K1107E\u00a0and\u00a0DS-K1107M)<br \/>\nKeypad\u00a0with\u00a012\u00a0Keys\u00a0(0~9,\u00a0*,\u00a0#)\u00a0(DS-K1107EK\u00a0and\u00a0DS-K1107MK)<\/td>\n<\/tr>\n<tr>\n<td>Power Supply:<\/td>\n<td>|<\/td>\n<td>12VDC<\/td>\n<\/tr>\n<tr>\n<td>Communication Interface:<\/td>\n<td>|<\/td>\n<td>RS-485\u00a0\/\u00a0Wiegand\u00a0(DIP\u00a0Switch)<\/td>\n<\/tr>\n<tr>\n<td>Audio Alert:<\/td>\n<td>|<\/td>\n<td>Beeper<\/td>\n<\/tr>\n<tr>\n<td>Power Consumption:<\/td>\n<td>|<\/td>\n<td>\u22642W<\/td>\n<\/tr>\n<tr>\n<td>LED Indicator:<\/td>\n<td>|<\/td>\n<td>Power\u00a0Indicator;\u00a0Status\u00a0LED\u00a0Indicator<\/td>\n<\/tr>\n<tr>\n<td>Working Temperature :<\/td>\n<td>|<\/td>\n<td>-20\u00b0C\u00a0to\u00a0+65\u00b0C\u00a0(-4\u00b0F\u00a0to\u00a0+149\u00b0F)<\/td>\n<\/tr>\n<tr>\n<td>Working Humidity:<\/td>\n<td>|<\/td>\n<td>10%\u00a0to\u00a090%\u00a0(Non-Condensing)<\/td>\n<\/tr>\n<tr>\n<td>Dimensions (L\u00d7W\u00d7H):<\/td>\n<td>|<\/td>\n<td>115\u00d744\u00d722mm\u00a0(4.53\u00d71.73\u00d70.87inch)<\/td>\n<\/tr>\n<tr>\n<td>Protection Level:<\/td>\n<td>|<\/td>\n<td>IP\u00a065<\/td>\n<\/tr>\n<tr>\n<td>Installation:<\/td>\n<td>|<\/td>\n<td>Wall\u00a0mounting\u00a0with\u00a0screws.\u00a0The\u00a0Gang\u00a0Box\u00a0is\u00a0not\u00a0supported.<\/td>\n<\/tr>\n<tr>\n<td>Temper-Proof:<\/td>\n<td>|<\/td>\n<td>Support<\/td>\n<\/tr>\n<\/tbody>\n<\/table>\n","protected":false},"excerpt":{"rendered":"<ul>\n<li>Palaiko EM kortel\u0119<\/li>\n<li>Su klaviat\u016bra<\/li>\n<li>Palaiko RS485 ir Wiegand(W26\/W34) protokolus<\/li>\n<li>Apsauga nuo aliarmo suklastojimo<\/li>\n<li>Atsparus dulk\u0117ms<\/li>\n<li>IP64<\/li>\n<\/ul>\n","protected":false},"featured_media":130,"template":"","meta":{"_monsterinsights_skip_tracking":false,"_monsterinsights_sitenote_active":false,"_monsterinsights_sitenote_note":"","_monsterinsights_sitenote_category":0},"product_brand":[],"product_cat":[15],"product_tag":[],"class_list":{"0":"post-131","1":"product","2":"type-product","3":"status-publish","4":"has-post-thumbnail","6":"product_cat-uncategorized","8":"first","9":"instock","10":"shipping-taxable","11":"purchasable","12":"product-type-simple"},"yoast_head":"<!-- This site is optimized with the Yoast SEO plugin v27.4 - https:\/\/yoast.com\/product\/yoast-seo-wordpress\/ -->\n<title>Hikvision DS-K1107EK - Telefonspyn\u0117s Pra\u0117jimo kontrol\u0117<\/title>\n<meta name=\"robots\" content=\"index, follow, max-snippet:-1, max-image-preview:large, max-video-preview:-1\" \/>\n<link rel=\"canonical\" href=\"https:\/\/domofonas.lt\/index.php\/product\/hikvision-ds-k1107ek\/\" \/>\n<meta property=\"og:locale\" content=\"lt_LT\" \/>\n<meta property=\"og:type\" content=\"article\" \/>\n<meta property=\"og:title\" content=\"Hikvision DS-K1107EK - Telefonspyn\u0117s Pra\u0117jimo kontrol\u0117\" \/>\n<meta property=\"og:description\" content=\"Palaiko EM kortel\u0119  Su klaviat\u016bra  Palaiko RS485 ir Wiegand(W26\/W34) protokolus  Apsauga nuo aliarmo suklastojimo  Atsparus dulk\u0117ms  IP64\" \/>\n<meta property=\"og:url\" content=\"https:\/\/domofonas.lt\/index.php\/product\/hikvision-ds-k1107ek\/\" \/>\n<meta property=\"og:site_name\" content=\"Telefonspyn\u0117s Pra\u0117jimo kontrol\u0117\" \/>\n<meta property=\"og:image\" content=\"https:\/\/domofonas.lt\/wp-content\/uploads\/2020\/12\/Hikvision-DS-K1107EK.jpg\" \/>\n\t<meta property=\"og:image:width\" content=\"250\" \/>\n\t<meta property=\"og:image:height\" content=\"250\" \/>\n\t<meta property=\"og:image:type\" content=\"image\/jpeg\" \/>\n<meta name=\"twitter:card\" content=\"summary_large_image\" \/>\n<script type=\"application\/ld+json\" class=\"yoast-schema-graph\">{\"@context\":\"https:\\\/\\\/schema.org\",\"@graph\":[{\"@type\":\"WebPage\",\"@id\":\"https:\\\/\\\/domofonas.lt\\\/index.php\\\/product\\\/hikvision-ds-k1107ek\\\/\",\"url\":\"https:\\\/\\\/domofonas.lt\\\/index.php\\\/product\\\/hikvision-ds-k1107ek\\\/\",\"name\":\"Hikvision DS-K1107EK - Telefonspyn\u0117s Pra\u0117jimo kontrol\u0117\",\"isPartOf\":{\"@id\":\"https:\\\/\\\/domofonas.lt\\\/#website\"},\"primaryImageOfPage\":{\"@id\":\"https:\\\/\\\/domofonas.lt\\\/index.php\\\/product\\\/hikvision-ds-k1107ek\\\/#primaryimage\"},\"image\":{\"@id\":\"https:\\\/\\\/domofonas.lt\\\/index.php\\\/product\\\/hikvision-ds-k1107ek\\\/#primaryimage\"},\"thumbnailUrl\":\"https:\\\/\\\/domofonas.lt\\\/wp-content\\\/uploads\\\/2020\\\/12\\\/Hikvision-DS-K1107EK.jpg\",\"datePublished\":\"2020-12-11T15:31:16+00:00\",\"breadcrumb\":{\"@id\":\"https:\\\/\\\/domofonas.lt\\\/index.php\\\/product\\\/hikvision-ds-k1107ek\\\/#breadcrumb\"},\"inLanguage\":\"lt-LT\",\"potentialAction\":[{\"@type\":\"ReadAction\",\"target\":[\"https:\\\/\\\/domofonas.lt\\\/index.php\\\/product\\\/hikvision-ds-k1107ek\\\/\"]}]},{\"@type\":\"ImageObject\",\"inLanguage\":\"lt-LT\",\"@id\":\"https:\\\/\\\/domofonas.lt\\\/index.php\\\/product\\\/hikvision-ds-k1107ek\\\/#primaryimage\",\"url\":\"https:\\\/\\\/domofonas.lt\\\/wp-content\\\/uploads\\\/2020\\\/12\\\/Hikvision-DS-K1107EK.jpg\",\"contentUrl\":\"https:\\\/\\\/domofonas.lt\\\/wp-content\\\/uploads\\\/2020\\\/12\\\/Hikvision-DS-K1107EK.jpg\",\"width\":250,\"height\":250,\"caption\":\"Hikvision DS-K1107EK\"},{\"@type\":\"BreadcrumbList\",\"@id\":\"https:\\\/\\\/domofonas.lt\\\/index.php\\\/product\\\/hikvision-ds-k1107ek\\\/#breadcrumb\",\"itemListElement\":[{\"@type\":\"ListItem\",\"position\":1,\"name\":\"Home\",\"item\":\"https:\\\/\\\/domofonas.lt\\\/\"},{\"@type\":\"ListItem\",\"position\":2,\"name\":\"Hikvision DS-K1107EK\"}]},{\"@type\":\"WebSite\",\"@id\":\"https:\\\/\\\/domofonas.lt\\\/#website\",\"url\":\"https:\\\/\\\/domofonas.lt\\\/\",\"name\":\"Telefonspyn\u0117s Pra\u0117jimo kontrol\u0117\",\"description\":\"\u012erengimas Montavimas\",\"publisher\":{\"@id\":\"https:\\\/\\\/domofonas.lt\\\/#organization\"},\"potentialAction\":[{\"@type\":\"SearchAction\",\"target\":{\"@type\":\"EntryPoint\",\"urlTemplate\":\"https:\\\/\\\/domofonas.lt\\\/?s={search_term_string}\"},\"query-input\":{\"@type\":\"PropertyValueSpecification\",\"valueRequired\":true,\"valueName\":\"search_term_string\"}}],\"inLanguage\":\"lt-LT\"},{\"@type\":\"Organization\",\"@id\":\"https:\\\/\\\/domofonas.lt\\\/#organization\",\"name\":\"Telefonspyn\u0117s Pra\u0117jimo kontrol\u0117\",\"url\":\"https:\\\/\\\/domofonas.lt\\\/\",\"logo\":{\"@type\":\"ImageObject\",\"inLanguage\":\"lt-LT\",\"@id\":\"https:\\\/\\\/domofonas.lt\\\/#\\\/schema\\\/logo\\\/image\\\/\",\"url\":\"https:\\\/\\\/domofonas.lt\\\/wp-content\\\/uploads\\\/2020\\\/12\\\/cropped-cropped-paradox_ssg-Max-Quality__1_-removebg-preview.png\",\"contentUrl\":\"https:\\\/\\\/domofonas.lt\\\/wp-content\\\/uploads\\\/2020\\\/12\\\/cropped-cropped-paradox_ssg-Max-Quality__1_-removebg-preview.png\",\"width\":250,\"height\":70,\"caption\":\"Telefonspyn\u0117s  Pra\u0117jimo kontrol\u0117\"},\"image\":{\"@id\":\"https:\\\/\\\/domofonas.lt\\\/#\\\/schema\\\/logo\\\/image\\\/\"}}]}<\/script>\n<!-- \/ Yoast SEO plugin. -->","yoast_head_json":{"title":"Hikvision DS-K1107EK - Telefonspyn\u0117s Pra\u0117jimo kontrol\u0117","robots":{"index":"index","follow":"follow","max-snippet":"max-snippet:-1","max-image-preview":"max-image-preview:large","max-video-preview":"max-video-preview:-1"},"canonical":"https:\/\/domofonas.lt\/index.php\/product\/hikvision-ds-k1107ek\/","og_locale":"lt_LT","og_type":"article","og_title":"Hikvision DS-K1107EK - Telefonspyn\u0117s Pra\u0117jimo kontrol\u0117","og_description":"Palaiko EM kortel\u0119  Su klaviat\u016bra  Palaiko RS485 ir Wiegand(W26\/W34) protokolus  Apsauga nuo aliarmo suklastojimo  Atsparus dulk\u0117ms  IP64","og_url":"https:\/\/domofonas.lt\/index.php\/product\/hikvision-ds-k1107ek\/","og_site_name":"Telefonspyn\u0117s Pra\u0117jimo kontrol\u0117","og_image":[{"width":250,"height":250,"url":"https:\/\/domofonas.lt\/wp-content\/uploads\/2020\/12\/Hikvision-DS-K1107EK.jpg","type":"image\/jpeg"}],"twitter_card":"summary_large_image","schema":{"@context":"https:\/\/schema.org","@graph":[{"@type":"WebPage","@id":"https:\/\/domofonas.lt\/index.php\/product\/hikvision-ds-k1107ek\/","url":"https:\/\/domofonas.lt\/index.php\/product\/hikvision-ds-k1107ek\/","name":"Hikvision DS-K1107EK - Telefonspyn\u0117s Pra\u0117jimo kontrol\u0117","isPartOf":{"@id":"https:\/\/domofonas.lt\/#website"},"primaryImageOfPage":{"@id":"https:\/\/domofonas.lt\/index.php\/product\/hikvision-ds-k1107ek\/#primaryimage"},"image":{"@id":"https:\/\/domofonas.lt\/index.php\/product\/hikvision-ds-k1107ek\/#primaryimage"},"thumbnailUrl":"https:\/\/domofonas.lt\/wp-content\/uploads\/2020\/12\/Hikvision-DS-K1107EK.jpg","datePublished":"2020-12-11T15:31:16+00:00","breadcrumb":{"@id":"https:\/\/domofonas.lt\/index.php\/product\/hikvision-ds-k1107ek\/#breadcrumb"},"inLanguage":"lt-LT","potentialAction":[{"@type":"ReadAction","target":["https:\/\/domofonas.lt\/index.php\/product\/hikvision-ds-k1107ek\/"]}]},{"@type":"ImageObject","inLanguage":"lt-LT","@id":"https:\/\/domofonas.lt\/index.php\/product\/hikvision-ds-k1107ek\/#primaryimage","url":"https:\/\/domofonas.lt\/wp-content\/uploads\/2020\/12\/Hikvision-DS-K1107EK.jpg","contentUrl":"https:\/\/domofonas.lt\/wp-content\/uploads\/2020\/12\/Hikvision-DS-K1107EK.jpg","width":250,"height":250,"caption":"Hikvision DS-K1107EK"},{"@type":"BreadcrumbList","@id":"https:\/\/domofonas.lt\/index.php\/product\/hikvision-ds-k1107ek\/#breadcrumb","itemListElement":[{"@type":"ListItem","position":1,"name":"Home","item":"https:\/\/domofonas.lt\/"},{"@type":"ListItem","position":2,"name":"Hikvision DS-K1107EK"}]},{"@type":"WebSite","@id":"https:\/\/domofonas.lt\/#website","url":"https:\/\/domofonas.lt\/","name":"Telefonspyn\u0117s Pra\u0117jimo kontrol\u0117","description":"\u012erengimas Montavimas","publisher":{"@id":"https:\/\/domofonas.lt\/#organization"},"potentialAction":[{"@type":"SearchAction","target":{"@type":"EntryPoint","urlTemplate":"https:\/\/domofonas.lt\/?s={search_term_string}"},"query-input":{"@type":"PropertyValueSpecification","valueRequired":true,"valueName":"search_term_string"}}],"inLanguage":"lt-LT"},{"@type":"Organization","@id":"https:\/\/domofonas.lt\/#organization","name":"Telefonspyn\u0117s Pra\u0117jimo kontrol\u0117","url":"https:\/\/domofonas.lt\/","logo":{"@type":"ImageObject","inLanguage":"lt-LT","@id":"https:\/\/domofonas.lt\/#\/schema\/logo\/image\/","url":"https:\/\/domofonas.lt\/wp-content\/uploads\/2020\/12\/cropped-cropped-paradox_ssg-Max-Quality__1_-removebg-preview.png","contentUrl":"https:\/\/domofonas.lt\/wp-content\/uploads\/2020\/12\/cropped-cropped-paradox_ssg-Max-Quality__1_-removebg-preview.png","width":250,"height":70,"caption":"Telefonspyn\u0117s  Pra\u0117jimo kontrol\u0117"},"image":{"@id":"https:\/\/domofonas.lt\/#\/schema\/logo\/image\/"}}]}},"jetpack_sharing_enabled":true,"_links":{"self":[{"href":"https:\/\/domofonas.lt\/index.php\/wp-json\/wp\/v2\/product\/131","targetHints":{"allow":["GET"]}}],"collection":[{"href":"https:\/\/domofonas.lt\/index.php\/wp-json\/wp\/v2\/product"}],"about":[{"href":"https:\/\/domofonas.lt\/index.php\/wp-json\/wp\/v2\/types\/product"}],"wp:featuredmedia":[{"embeddable":true,"href":"https:\/\/domofonas.lt\/index.php\/wp-json\/wp\/v2\/media\/130"}],"wp:attachment":[{"href":"https:\/\/domofonas.lt\/index.php\/wp-json\/wp\/v2\/media?parent=131"}],"wp:term":[{"taxonomy":"product_brand","embeddable":true,"href":"https:\/\/domofonas.lt\/index.php\/wp-json\/wp\/v2\/product_brand?post=131"},{"taxonomy":"product_cat","embeddable":true,"href":"https:\/\/domofonas.lt\/index.php\/wp-json\/wp\/v2\/product_cat?post=131"},{"taxonomy":"product_tag","embeddable":true,"href":"https:\/\/domofonas.lt\/index.php\/wp-json\/wp\/v2\/product_tag?post=131"}],"curies":[{"name":"wp","href":"https:\/\/api.w.org\/{rel}","templated":true}]}}